 + 1642. Suppose -26 - 12 = -2*a. Calculate the greatest common factor of d and a.
19
Let h = -537 + 766. Suppose -h = -7*d - 19. Calculate the greatest common divisor of d and 20.
10
Let o = 569 + -557. What is the highest common factor of o and 12?
12
Let j be (1 - -1)/((-17)/(-102)). Suppose -13*k + j = -11*k. Let m be ((-3)/6)/(k/(-960)). Calculate the highest common divisor of 10 and m.
10
Let z = -109 - -1468. What is the greatest common divisor of z and 18?
9
Let g be ((-1)/2)/((-1)/18). Let r be -10 + (-2 - -1) - 0. Let a = -8 - r. Calculate the highest common factor of g and a.
3
Let g = -30 - -44. Let o = 25 + 10. What is the greatest common factor of g and o?
7
Let x = 6 + -4. Suppose 0 = -x*f + 6, 3*s - 4*f = -1 - 2. Suppose -n = -b + 196, -4*b + 4*n - s*n + 772 = 0. What is the greatest common factor of 24 and b?
24
Let u(k) = -k**2 - 15*k - 9. Let s be u(-14). What is the greatest common factor of 65 and s?
5
Suppose 0 = -2*h - 4*g - 8, -4 = -3*h + 4*g - 2*g. Suppose 2*a = h, 4*p - 2*a - 32 = -6*a. Calculate the highest common divisor of p and 4.
4
Let b = -752 - -803. Calculate the highest common factor of 527 and b.
17
Suppose -128 = -5*x + 52. Suppose 2*j + j - 2*s = 264, 0 = -3*s + 9. Calculate the highest common factor of j and x.
18
Suppose 12 - 3 = 3*w, n + 3*w - 35 = 0. Suppose 3*t + 42 = i, -4*i + 5*t = -93 - 68. What is the highest common factor of n and i?
13
Let a be (-30)/(-18)*32/4*36. Calculate the highest common divisor of 600 and a.
120
Suppose 5*j + 2*i = 3*i - 2, 0 = 4*j + 3*i - 6. Suppose -t + 42 + 1 = j. What is the greatest common divisor of 43 and t?
43
Let s be (3 + 2)/5*3. Suppose 3*x - 6 = -s*o, -4*o + 54 = -3*x + 11. What is the highest common factor of o and 77?
7
Let f be 8 + -3 - 0*(-2 + 1). Suppose 0 = -x + f*x - 32. What is the highest common factor of 8 and x?
8
Let j(u) = 22*u + 2. Let b be ((-2)/8)/((-1)/4). Let x be j(b). Suppose -4*c = -x - 12. What is the greatest common divisor of c and 72?
9
Suppose 0 = 2*g + 2*g + 424. Let d = g - -214. Suppose -5*a = -d - 62. Calculate the highest common divisor of a and 51.
17
Let d(r) = 7 - 18 + 7 - r. Let m be d(5). Let x be (-1605)/(-20) + m/(-12). Calculate the greatest common divisor of x and 54.
27
Let o(w) = w**3 + 32*w**2 + 133*w - 51. Let h be o(-27). What is the highest common factor of 39 and h?
3
Let o(u) = u**3 + 4*u**2 - 2*u - 2. Let z be o(-4). Suppose 0 = z*y - 57 + 3. What is the greatest common divisor of 6 and y?
3
Let k = -222 + 234. What is the greatest common factor of 324 and k?
12
Let m(t) = -t**2 + 12*t - 29. Let h be m(9). Let i be (128/(-56))/(h/7). Calculate the highest common divisor of i and 12.
4
Let q(l) = -2*l**2 + l + 3. Let x be q(0). Suppose -d = -5*g - 50, d + 50 = 2*d + x*g. What is the greatest common divisor of d and 25?
25
Let r = -118 + 122. Suppose a - 2*c - 13 = -r*c, a - 25 = 2*c. What is the greatest common factor of 19 and a?
19
Let b(g) = -3 + g - 2 + 2*g. Let y be b(4). Let v(x) = -5*x + 3. Let p be v(-5). What is the highest common factor of p and y?
7
Let n be (-3)/(-7) + (-1887)/(-7). Calculate the greatest common factor of n and 10.
10
Let v be (-48)/(-60) - 5/(25/(-116)). Let a = 53 - 17. Calculate the greatest common divisor of v and a.
12
Let b be 0 + 3 + (-3 - -12). Let z = 65 - 60. Suppose 130 = 5*u + z*v, -4*u - v + 108 = 2*v. Calculate the highest common factor of b and u.
6
Let q(a) = -a**3 + a + 48. Let x be q(0). Suppose 0 = -6*v + 8*v - x. What is the highest common factor of v and 3?
3
Suppose 9 = 7*c - 75. Let w be c + (-1)/(-1)*-3. Calculate the highest common factor of 6 and w.
3
Let f = -86 - -100. Suppose -5*k + 10*c - f*c = -732, c = -3*k + 435. Calculate the highest common factor of k and 18.
18
Let n = -4 + 19. Let l be 4 + (-14688)/(-126) - 12/21. Calculate the greatest common divisor of n and l.
15
Suppose -4*l = u + 302, 2*u + 302 = 3*l - 247. Let x be u/(-26) - (-4)/26. Calculate the greatest common factor of x and 88.
11
Let y = -9 - -13. Let h = 23 - 13. Suppose -5*d = -6*d + h. Calculate the highest common divisor of d and y.
2
Let i = 9 + -1. Let w be ((-10)/i)/(1/(-8)). Calculate the highest common divisor of 50 and w.
10
Let a(i) = i**3 + 6*i**2 - 10*i - 9. Let t be a(-7). Let x(s) = 2*s**3 + 61*s**2 + 26*s + 12. Let o be x(-30). What is the greatest common divisor of t and o?
12
Let l be 202/22 + (-24)/132. Let v be (-15)/(-20)*(-1 + 9). What is the greatest common divisor of v and l?
3
Let s be (-6 - -38)*(-5)/((-20)/12). Suppose -120 = -137*i + 132*i. What is the greatest common divisor of s and i?
24
Suppose 0 = -13*h + 4*h + 666. What is the greatest common divisor of 592 and h?
74
Suppose 3*l = 5*r - 285, -4*l = 5*r - 27 - 293. Suppose -k - 3*h = -6, 2*k - 3*h = -3*k + 84. What is the greatest common divisor of k and r?
15
Let l = 144 - 258. Let a = l - -282. Let x(d) = -d**3 - 4*d**2 + d + 4. Let i be x(-5). Calculate the greatest common divisor of i and a.
24
Let m = 0 - -14. Let s be (-1071)/m*2/(-3). Let n be s - -2*(-3)/6. What is the greatest common factor of 10 and n?
10
Let x be (-39)/(-4) + 2/8. Let b be (12/(-10))/(x/(-125)). What is the greatest common factor of 105 and b?
15
Suppose 50 = u + 182. Let w be ((-12)/(-9))/((-8)/u). What is the highest common divisor of 242 and w?
22
Let b = -17191 + 17209. Suppose -4*c = -2*c + m - 325, 0 = 2*c + 2*m - 326. What is the greatest common factor of c and b?
18
Let p(c) = -7*c - 3. Let a be p(-14). Suppose 85 = 6*u - a. What is the greatest common factor of 15 and u?
15
Let q(o) = -o + 19. Let d be q(-12). Let x = -14 + d. Suppose x*g = 12*g + 45. What is the greatest common divisor of g and 99?
9
Let k be (-44073)/(-1079) + 2/13. Calculate the greatest common factor of 82 and k.
41
Let n = 1111 - 577. Calculate the highest common factor of n and 12.
6
Suppose -3*u - 5*q + 6*q + 46 = 0, 0 = -5*u + q + 78. Calculate the highest common divisor of 24 and u.
8
Let f be 0/(2/1) + 0. Suppose 4*y + 22 = 3*h - h, f = 3*h + 5*y + 22. Let w be ((-14)/(-3))/((-74)/(-111)). What is the highest common factor of w and h?
1
Let x(p) = 4*p + 46. Let t be x(-10). Let k = 3 - -4. Let y be 309/21 - (-2)/k. What is the greatest common divisor of y and t?
3
Suppose -5*f + 11 = 1, -4*f + 12 = 2*b. Suppose 0*s + 26 = x + b*s, 0 = -2*s + 2. What is the greatest common factor of x and 6?
6
Suppose -21*p = -10*p - 1012. Suppose 3*v = -4*m + 115, -5*v + 108 = 5*m - p. What is the highest common divisor of 60 and v?
15
Let j = 28 - 4. What is the highest common factor of 12 and j?
12
Suppose -2*a - x = -15, a + 0*x - 2*x - 20 = 0. Let b be a/(-4) - (-3)/(-6). Let m be (3/6)/(b/(-144)). What is the highest common factor of 16 and m?
8
Let f = 10 + -3. Let o = -9341 + 9481. Calculate the greatest common factor of f and o.
7
Suppose -31*p + 12*p = -3420. What is the greatest common factor of p and 20?
20
Let k(u) = 2*u**2 + 8*u - 4. Let b be k(-8). Suppose 5*d = 11*d - b. What is the greatest common divisor of 10 and d?
10
Suppose 0 = -4*o + 4*c + 76, -2*o - c = -2*c - 40. Let z = 682 + -451. Calculate the greatest common divisor of o and z.
21
Suppose 0*m - 3*m + 15 = 0. Suppose 2*p = -3*n + 53 + 39, -4*p - 86 = -3*n. Suppose 2*w - 5*w = -n. What is the greatest common factor of w and m?
5
Suppose 11510 = 74*b - 34. Calculate the greatest common factor of 144 and b.
12
Let u be 21/6 + 6/(-4). Let s(o) = -1 + 3 + u*o - 6. Let z be s(6). Calculate the greatest common divisor of 56 and z.
8
Suppose -3*o + 6*j - 8*j + 43 = 0, 79 = 5*o - 4*j. Let a(d) = -1 + 3*d - 6 - 6. Let q be a(o). Calculate the greatest common factor of q and 64.
32
Suppose 4*g - 2*q + q = 18, g + 6 = -5*q. Let x(f) = 7*f**2 - 5*f + 10. Let j be x(g). Suppose -j = 3*v - 417. Calculate the greatest common factor of v and 15.
15
Let s(u) be the second derivative of u**4/4 - u**3 - 5*u**2 + 32*u. Let j be s(-3). Calculate the greatest common divisor of 5 and j.
5
Suppose 0 = -3*v - i + 126 + 103, 5*i + 130 = 2*v. Calculate the greatest common divisor of v and 30.
15
Let g = 37 + -30. Let w(n) = 3*n - 20. Let i be w(g). Calculate the greatest common factor of 8 and i.
1
Let t(a) = a**2 + 21*a + 146. Let p be t(-10). Let o(z) = z - 5. Let i be o(7). Let y = i - -4. Calculate t